t is the units digit of w(h)?
2
Suppose -6*u - 68 = -7*u. What is the tens digit of u?
6
Let t(v) = -v**2 + 5*v - 3. Let u be t(3). Suppose u*a = 2*a - 5. Let z = 6 + a. What is the units digit of z?
1
Let b = -38 - -49. What is the units digit of b?
1
What is the tens digit of 6/21 + 2652/28?
9
What is the hundreds digit of (4 - 5/10)*6*6?
1
Let r = 20 - -26. What is the tens digit of r?
4
Suppose 17*y - 20*y = -663. What is the tens digit of y?
2
Let j(p) = -p - 2. Suppose 4*m = -5*d - 61, 5*d = -3*m - 26 - 26. What is the units digit of j(m)?
7
Let p = 11 - 7. Suppose 5*g - p = 3*g + 2*a, -2*a - 2 = -3*g. What is the units digit of -2 + (2 - g) - -6?
8
Suppose -6*v + 1457 = -235. What is the tens digit of v?
8
Let u = 91 + -42. What is the tens digit of u?
4
What is the units digit of (-6)/(-18) + 77/3?
6
Let p = 0 + 4. What is the units digit of (6/(-4))/(p/(-8))?
3
Suppose -5*v = -9*v + 220. What is the tens digit of v?
5
Let n be ((-16)/1)/((-4)/6). Suppose -5*w + n = -4*t, -4 = 3*t - 1. What is the units digit of 1/w - (-31)/4?
8
Let p be ((-12)/(-10))/(3/(-10)). Let y be (-8)/28 - p/14. Let b(s) = s + 1. What is the units digit of b(y)?
1
Suppose -2*p - 16 = 2*p. Let j(a) = a**3 + 4*a**2 - 2*a - 5. What is the units digit of j(p)?
3
Suppose 16 = 2*t + 4*w, 3*t + 2*w - 38 = -t. What is the units digit of t?
0
Let o(c) = c + 12. What is the units digit of o(-7)?
5
Suppose 5*j - 2*j = 12. Let k = -12 - -8. What is the units digit of ((-3)/j)/(1/k)?
3
Suppose 0 = i - 10 - 28. Suppose -2*s + 6 = -i. What is the units digit of s?
2
What is the units digit of ((-2085)/(-10) + 3)/((-3)/(-4))?
2
Suppose -5*c = -20, -2*f - 48 = -6*f - 5*c. Let y(k) = -8*k**2 + 4*k**3 + 3 - 3*k**3 + 2*k + 5*k. What is the units digit of y(f)?
3
Let u = 983 - 623. What is the units digit of u?
0
Suppose 0 = -5*i - 106 + 576. Let n = i - 51. What is the units digit of n?
3
Let a(z) be the third derivative of z**6/120 - z**5/10 + z**4/4 - z**3/2 + 4*z**2. Let k be a(5). What is the units digit of k*-1*(-6)/12?
1
What is the tens digit of (-1 - -90) + 0*1/8?
8
Let j be (-1)/2*6/(-3). Suppose k - 14 = j. What is the tens digit of k?
1
Let k(g) = -g**2 - 6*g + 8. What is the units digit of k(-4)?
6
Let l = -46 - -99. What is the units digit of l?
3
Suppose 3*c - c - 6 = 0. Let z(u) = u**3 - 4*u**2 + 4*u - 1. Let p be z(c). Suppose -p*t = f - 13, 0 = -3*f + 4*t - 3*t + 25. What is the units digit of f?
9
What is the units digit of 60/80 + (-1618)/(-8)?
3
Let r(s) = 0 + s + 3 + 12. Let o be r(-11). Suppose 5*u + 2*y = 22, 21 = 3*u + 5*y + o. What is the units digit of u?
4
Let y be -3 + 1 + 18/3. Let s(r) = 5*r - 6 + 16 - 11. What is the tens digit of s(y)?
1
Let z(l) = 10*l**2 - 21*l + 18. Let f(t) = -3*t**2 + 7*t - 6. Let m(a) = -7*f(a) - 2*z(a). What is the tens digit of m(8)?
1
Let k = -3 + 9. What is the units digit of k?
6
Let x(p) = p**3 - 2*p**2 - 5*p. Let h be x(4). Let u be (14/(-6))/(4/h). Let j(y) = y**3 + 8*y**2 + 7*y + 1. What is the units digit of j(u)?
1
Let u = 181 + -120. Let g = u - 25. What is the units digit of g?
6
Let o(k) = -k**2 + k + 212. What is the hundreds digit of o(0)?
2
Suppose 0*d - 2808 = -12*d. What is the hundreds digit of d?
2
Let m(j) = -11*j + 6. What is the tens digit of m(-3)?
3
Suppose -1 = -b + 2*b. Let v = 2 + b. What is the units digit of v?
1
Let x(y) = -y + 4. Let q = 5 - 8. What is the units digit of x(q)?
7
Suppose 2*p - 12 = -4. Let w(u) = -u - 4. Let i be w(4). What is the units digit of (-1)/p - 10/i?
1
Let j(f) = f**2 - f - 1. Let d(o) = -3*o**2 + 4*o + 7. Let m(s) = -d(s) - 2*j(s). What is the units digit of m(4)?
3
Let q(z) = -7*z**2 - 11*z - 2. Let g(c) = 15*c**2 + 22*c + 4. Let w(k) = 6*g(k) + 13*q(k). What is the units digit of w(-9)?
6
Suppose -3*j = 3*h - 15, j - h = -6*h + 9. What is the units digit of j?
4
Let j be (-9 - 1)/((-6)/15). Suppose 9*r - j = 4*r. Suppose c = -0*c + r. What is the units digit of c?
5
Let m(g) = -80*g - 1. What is the tens digit of m(-1)?
7
Suppose -20 = 2*x + 26. Let r = 1 - x. What is the units digit of r?
4
Let s = 2 + 1. Let f = s + 6. Suppose 0 = -i + f + 2. What is the units digit of i?
1
Let d(k) = -2*k + 2. What is the units digit of d(0)?
2
Let v(w) = 2*w + 2. Let a be (-5)/(-10)*(-1 - -13). What is the units digit of v(a)?
4
Let y be 0/(-3 + 1 - -1). Suppose y = g, 0 = 3*a - 2*g + g - 42. What is the tens digit of a?
1
Let y = 8 + 25. What is the tens digit of y?
3
Let p(y) = y**2 - 7*y + 9. Let j = 1 + 7. What is the tens digit of p(j)?
1
Suppose 4*k + 2*a - 44 = 0, -2*k + 4*a + a = -34. Let p be ((-14)/(-6))/(4/k). What is the units digit of p/4 + 2/8?
2
Let b = 13 - 15. What is the units digit of 1*(-3)/3*b?
2
Let d(l) = 7*l + 2. Let g be d(4). Suppose p - g = -2*p. What is the tens digit of p?
1
What is the units digit of 33293/104 - 1/8?
0
Suppose 120 = 3*g - 5*g. Let s = -33 - g. What is the units digit of (-1 - -1) + s + -7?
0
Let o = -10 + 19. What is the units digit of o?
9
Suppose 0 = -2*a - l + 5, -5*a + 6 = -4*l - 0*l. What is the units digit of a?
2
Let i(p) = p**2 - p + 4. Let d be (2 + -2 - 0)/(-2). Let a be i(d). Suppose -2*n + 12 = a. What is the units digit of n?
4
Let v be 0/(1 + -3) - 0. Suppose -2*j - 3*c + 15 + 3 = v, -4 = -2*j + 4*c. Let q = 8 - j. What is the units digit of q?
2
Let a be 16/20*(-5)/(-2). Let n be (5/a)/((-2)/(-8)). Suppose 2*f - n = -0*f. What is the units digit of f?
5
Let n(g) = -2*g**3 - 4*g**2 - 3*g. Let x be n(-3). Suppose 5*p = 2*p - x. What is the units digit of (42/(-9))/(3/p)?
4
Let n be 9/(-2)*10/(-15). What is the units digit of 1 + n/(6/26)?
4
What is the units digit of -1*(-1 + -112) + (-7)/(-7)?
4
Let k(r) = 8*r**2 + r + 9. What is the units digit of k(-2)?
9
Let k(x) = -x**3 + 2*x**2 + x + 2. Let q be k(-3). Suppose -c = -5*c + q. What is the units digit of c?
1
Suppose -128*i = -135*i + 1582. What is the tens digit of i?
2
Suppose 0 = m + 3*y + 6, -m - 2*y - 1 = 2. Suppose -s - 15 + m = -4*t, 0 = -2*s + 4*t - 8. What is the units digit of s?
4
Let c(q) = 53*q**3 + q**2 - 2*q + 1. Let v be c(1). Suppose 2*z + 74 = 4*h, -z + 15 = 3*h - v. What is the tens digit of h?
2
Let m(r) = 114*r**2 - r + 1. What is the units digit of m(-1)?
6
Let l = 334 + -116. What is the units digit of l?
8
Suppose -411 - 204 = -5*d - 5*c, 4*d - 5*c - 510 = 0. What is the units digit of d?
5
Let v(o) = 2*o**2 + 5*o - 4. Let z be v(-4). Let q = z - 6. What is the units digit of q*((-6)/(-4) + -1)?
1
Let v(l) = -l**3 - l**2 + 2*l + 3. Let z be v(-2). Suppose 2*g - 15 = -z*g. Suppose g*c = 5*c - 18. What is the units digit of c?
9
Let z = 13 + 12. Suppose -3*b - 5*y = -0*b - z, b = -4*y + 20. Suppose i + n - 7 = b, 5*i + n = -2*n + 45. What is the tens digit of i?
1
What is the tens digit of (-1 + -2 + (-2)/(-4))*-44?
1
Suppose 8*o = 2*o + 900. What is the tens digit of o?
5
Let i = -110 - -191. Let j = i - 45. What is the units digit of j?
6
Let s(m) = m**3 - 2*m**2 - 4. Let n be s(3). Suppose 0 = -0*u - u + n. What is the units digit of u?
5
Let m(o) = o**2 - 7*o + 2. Let t be m(7). Let g be (-186)/(-10) + t/5. Let v = 29 - g. What is the units digit of v?
0
Let h be (-4)/((-8)/(-6)) - -3. Suppose h = -c + 3*c. Suppose c*u + u = 14. What is the tens digit of u?
1
Suppose -5*n - 4*t + 169 = 0, -3*n + 5*n = 3*t + 86. What is the tens digit of n?
3
Suppose -38 = -b - 3*b + t, -3*b + t + 29 = 0. Suppose 0*q + 65 = 5*m + 5*q, -3*q + b = 0. What is the tens digit of m?
1
Let y be 0 + 0 + -2 - -1. Let f be y - -1 - (7 - 2). Let a = 8 + f. What is the units digit of a?
3
Let q(d) = -d**2 - 14*d - 7. Let y be q(-12). Suppose -4*g + 3*g + y = 0. What is the units digit of g?
7
What is the tens digit of 48 + 2 - (9 + -5)?
4
Let k = -56 + 35. What is the tens digit of (-7)/k - 58/(-6)?
1
Let o(v) = -1 + 0 + 2*v**2 + 2*v**2. Suppose 2 + 2 = -4*t. What is the units digit of o(t)?
3
Let i = -173 - -285. What is the hundreds digit of i?
1
Suppose -3*c + 2*o = -2 + 6, 3*c - 4*o = -14. Suppose -4*n - c*g = -38, -2*g - g + 24 = 3*n. What is the tens digit of n?
1
Let j(t) = t**2 + t + 3. Let l be (-90)/25 + 6/10. What is the units digit of j(l)?
9
Let q(s) = -86*s + 25. What is the units digit of q(-3)?
3
Suppose -11*i + 90 = -6*i. What is the units digit of 